{"id":8,"date":"2025-07-15T21:25:46","date_gmt":"2025-07-15T21:25:46","guid":{"rendered":"https:\/\/praiadoforteturismotransporte.com\/about\/"},"modified":"2025-08-03T02:15:40","modified_gmt":"2025-08-03T02:15:40","slug":"sobre-a-praia-do-forte-transporte","status":"publish","type":"page","link":"https:\/\/praiadoforteturismotransporte.com\/translado-praiadoforte-turismo\/sobre-a-praia-do-forte-transporte\/","title":{"rendered":"Sobre"},"content":{"rendered":"\n<p id=\"tw-target-text\"><\/p>\n\n\n\n<div class=\"wp-block-group alignwide hostinger-ai-fade-up is-layout-constrained wp-block-group-is-layout-constrained\" style=\"padding-top:0;padding-bottom:0\">\n<div class=\"wp-block-group alignwide hostinger-ai-fade-up is-nowrap is-layout-flex wp-container-core-group-is-layout-3861760c wp-block-group-is-layout-flex\" style=\"margin-bottom:0\">\n<div class=\"wp-block-columns is-layout-flex wp-container-core-columns-is-layout-28f84493 wp-block-columns-is-layout-flex\">\n<div class=\"wp-block-column is-layout-flow wp-block-column-is-layout-flow\" style=\"flex-basis:50%\">\n<h2 class=\"wp-block-heading hostinger-ai-title has-x-large-font-size\" style=\"margin-bottom:0\">Praia do Forte Transportes<\/h2>\n\n\n\n<figure class=\"wp-block-image size-large\"><img fetchpriority=\"high\" decoding=\"async\" width=\"1024\" height=\"639\" src=\"http:\/\/praiadoforteturismotransporte.com\/wp-content\/uploads\/2025\/07\/Novo-Virtus-Sense-2025-1.png-1024x639.jpg\" alt=\"\" class=\"wp-image-71\" srcset=\"https:\/\/praiadoforteturismotransporte.com\/wp-content\/uploads\/2025\/07\/Novo-Virtus-Sense-2025-1.png-1024x639.jpg 1024w, https:\/\/praiadoforteturismotransporte.com\/wp-content\/uploads\/2025\/07\/Novo-Virtus-Sense-2025-1.png-300x187.jpg 300w, https:\/\/praiadoforteturismotransporte.com\/wp-content\/uploads\/2025\/07\/Novo-Virtus-Sense-2025-1.png-768x479.jpg 768w, https:\/\/praiadoforteturismotransporte.com\/wp-content\/uploads\/2025\/07\/Novo-Virtus-Sense-2025-1.png-1536x958.jpg 1536w, https:\/\/praiadoforteturismotransporte.com\/wp-content\/uploads\/2025\/07\/Novo-Virtus-Sense-2025-1.png.jpg 1642w\" sizes=\"(max-width: 1024px) 100vw, 1024px\" \/><\/figure>\n<\/div>\n\n\n\n<div class=\"wp-block-column is-vertically-aligned-center has-small-font-size is-layout-constrained wp-block-column-is-layout-constrained\" style=\"flex-basis:50%\">\n<p class=\"hostinger-ai-description has-medium-font-size\">Na Praia do Forte, somos especializados em servi\u00e7os de turismo e transporte, oferecendo translados para o aeroporto e passeios guiados para os principais pontos tur\u00edsticos de Salvador e para o deslumbrante litoral Norte da Bahia.<\/p>\n<\/div>\n<\/div>\n<\/div>\n\n\n\n<div class=\"wp-block-group alignwide hostinger-ai-fade-up is-nowrap is-layout-flex wp-container-core-group-is-layout-e122ece1 wp-block-group-is-layout-flex\" style=\"margin-bottom:0;padding-top:var(--wp--preset--spacing--30)\">\n<figure class=\"wp-block-image size-full is-resized\"><img decoding=\"async\" width=\"533\" height=\"374\" src=\"http:\/\/praiadoforteturismotransporte.com\/wp-content\/uploads\/2025\/07\/vam.png\" alt=\"\" class=\"wp-image-73\" style=\"width:675px;height:auto\" srcset=\"https:\/\/praiadoforteturismotransporte.com\/wp-content\/uploads\/2025\/07\/vam.png 533w, https:\/\/praiadoforteturismotransporte.com\/wp-content\/uploads\/2025\/07\/vam-300x211.png 300w\" sizes=\"(max-width: 533px) 100vw, 533px\" \/><\/figure>\n\n\n\n<figure class=\"wp-block-image size-large\"><img decoding=\"async\" width=\"1024\" height=\"563\" src=\"http:\/\/praiadoforteturismotransporte.com\/wp-content\/uploads\/2025\/07\/spin-1-1024x563.avif\" alt=\"\" class=\"wp-image-72\" srcset=\"https:\/\/praiadoforteturismotransporte.com\/wp-content\/uploads\/2025\/07\/spin-1-1024x563.avif 1024w, https:\/\/praiadoforteturismotransporte.com\/wp-content\/uploads\/2025\/07\/spin-1-300x165.avif 300w, https:\/\/praiadoforteturismotransporte.com\/wp-content\/uploads\/2025\/07\/spin-1-768x422.avif 768w, https:\/\/praiadoforteturismotransporte.com\/wp-content\/uploads\/2025\/07\/spin-1.avif 1268w\" sizes=\"(max-width: 1024px) 100vw, 1024px\" \/><\/figure>\n<\/div>\n<\/div>\n\n\n\n<div class=\"wp-block-group alignwide hostinger-ai-fade-up is-layout-constrained wp-block-group-is-layout-constrained\" style=\"padding-top:0;padding-bottom:0\">\n<div class=\"wp-block-group alignwide hostinger-ai-fade-up is-content-justification-left is-layout-constrained wp-container-core-group-is-layout-12dd3699 wp-block-group-is-layout-constrained\">\n<h2 class=\"wp-block-heading has-text-align-left hostinger-ai-title has-dark-color has-text-color has-link-color has-x-large-font-size wp-elements-1eb4d4f3e56cd0d17474cdf721e11c54\" style=\"margin-top:0;margin-right:0;margin-bottom:var(--wp--preset--spacing--40);margin-left:0\">Informa\u00e7\u00f5es de localiza\u00e7\u00e3o<\/h2>\n\n\n\n<p class=\"has-text-align-left hostinger-ai-description has-medium-font-size\" style=\"margin-bottom:var(--wp--preset--spacing--40)\">Explore as praias e atra\u00e7\u00f5es deslumbrantes da <strong>Praia do Forte<\/strong>.<\/p>\n\n\n\n<div class=\"wp-block-columns alignwide is-layout-flex wp-container-core-columns-is-layout-03da1933 wp-block-columns-is-layout-flex\" style=\"margin-top:0;margin-bottom:0;padding-bottom:var(--wp--preset--spacing--40)\">\n<div class=\"wp-block-column is-layout-flow wp-block-column-is-layout-flow\">\n<p class=\"hostinger-ai-title hostinger-index-1 hostinger-ai-font-bold has-dark-color has-text-color has-link-color has-medium-font-size wp-elements-f92b9c7210ff68be2fce2902a6f35e12\">Servi\u00e7os tur\u00edsticos<\/p>\n\n\n\n<p class=\"has-medium-font-size\" style=\"margin-top:var(--wp--preset--spacing--20)\">Mata de S\u00e3o Jo\u00e3o &#8211; BA <strong>Praia do Forte<\/strong><\/p>\n<\/div>\n\n\n\n<div class=\"wp-block-column is-layout-flow wp-block-column-is-layout-flow\">\n<p class=\"hostinger-ai-title hostinger-index-2 hostinger-ai-font-bold has-dark-color has-text-color has-link-color has-medium-font-size wp-elements-70f6b483dbcccbc41f6532faf96f36cb\">Traslados para o aeroporto<\/p>\n\n\n\n<p class=\"has-dark-color has-text-color has-link-color has-medium-font-size wp-elements-c0127b6ed0c1600537fbbff24a03c911\" style=\"margin-top:var(--wp--preset--spacing--20)\">65 KM &#8211; 1hora at\u00e9 h\u00e1 Praia do Forte<\/p>\n<\/div>\n<\/div>\n\n\n\n<div class=\"wp-block-group alignfull hostinger-ai-fade-up is-layout-flow wp-block-group-is-layout-flow\"><\/div>\n<\/div>\n<\/div>\n\n\n\n<div class=\"wp-block-group alignfull hostinger-ai-fade-up is-layout-constrained wp-block-group-is-layout-constrained\">\n<div class=\"wp-block-group alignwide hostinger-ai-fade-up is-layout-grid wp-container-core-group-is-layout-3721f5f0 wp-block-group-is-layout-grid\">\n<div class=\"wp-block-columns are-vertically-aligned-center is-layout-flex wp-container-core-columns-is-layout-28f84493 wp-block-columns-is-layout-flex\">\n<div class=\"wp-block-column is-vertically-aligned-center is-layout-flow wp-block-column-is-layout-flow\" style=\"flex-basis:100%\">\n<div class=\"wp-block-group hostinger-ai-fade-up is-layout-constrained wp-block-group-is-layout-constrained\">\n<h2 class=\"wp-block-heading hostinger-ai-title has-dark-color has-text-color has-link-color has-large-font-size wp-elements-2bf11dcba15fb6b33b31b9db38f20d6e\" style=\"margin-bottom:var(--wp--preset--spacing--50)\">Contate-nos hoje<\/h2>\n\n\n\n<p class=\"hostinger-ai-description has-dark-color has-text-color has-link-color wp-elements-e1914c0efa21fd4ae82939bdfcbc4e1e wp-container-content-69bc4bdf\">Consultas<\/p>\n\n\n<p>+55 (71)996234526<\/p>\n<\/div>\n<\/div>\n<\/div>\n\n\n\n<div class=\"wp-block-group is-content-justification-center is-nowrap is-layout-flex wp-container-core-group-is-layout-23441af8 wp-block-group-is-layout-flex\">\n<figure class=\"wp-block-image size-full has-custom-border hostinger-ai-image\"><img loading=\"lazy\" decoding=\"async\" width=\"900\" height=\"599\" src=\"http:\/\/praiadoforteturismotransporte.com\/wp-content\/uploads\/2025\/07\/954288_c00d005532e3488abb07b6b13f850d7emv2-1.jpg\" alt=\"\" class=\"wp-image-94\" style=\"border-radius:20px\" srcset=\"https:\/\/praiadoforteturismotransporte.com\/wp-content\/uploads\/2025\/07\/954288_c00d005532e3488abb07b6b13f850d7emv2-1.jpg 900w, https:\/\/praiadoforteturismotransporte.com\/wp-content\/uploads\/2025\/07\/954288_c00d005532e3488abb07b6b13f850d7emv2-1-300x200.jpg 300w, https:\/\/praiadoforteturismotransporte.com\/wp-content\/uploads\/2025\/07\/954288_c00d005532e3488abb07b6b13f850d7emv2-1-768x511.jpg 768w\" sizes=\"(max-width: 900px) 100vw, 900px\" \/><\/figure>\n<\/div>\n<\/div>\n<\/div>\n\n\n\n<p><\/p>\n","protected":false},"excerpt":{"rendered":"<p>Praia do Forte Transportes Na Praia do Forte, somos especializados em servi\u00e7os de turismo e transporte, oferecendo translados para o [&hellip;]<\/p>\n","protected":false},"author":1,"featured_media":0,"parent":0,"menu_order":0,"comment_status":"closed","ping_status":"closed","template":"","meta":{"site-sidebar-layout":"default","site-content-layout":"","ast-site-content-layout":"default","site-content-style":"default","site-sidebar-style":"default","ast-global-header-display":"","ast-banner-title-visibility":"","ast-main-header-display":"","ast-hfb-above-header-display":"","ast-hfb-below-header-display":"","ast-hfb-mobile-header-display":"","site-post-title":"","ast-breadcrumbs-content":"","ast-featured-img":"","footer-sml-layout":"","ast-disable-related-posts":"","theme-transparent-header-meta":"","adv-header-id-meta":"","stick-header-meta":"","header-above-stick-meta":"","header-main-stick-meta":"","header-below-stick-meta":"","astra-migrate-meta-layouts":"default","ast-page-background-enabled":"default","ast-page-background-meta":{"desktop":{"background-color":"var(--ast-global-color-5)","background-image":"","background-repeat":"repeat","background-position":"center center","background-size":"auto","background-attachment":"scroll","background-type":"","background-media":"","overlay-type":"","overlay-color":"","overlay-opacity":"","overlay-gradient":""},"tablet":{"background-color":"","background-image":"","background-repeat":"repeat","background-position":"center center","background-size":"auto","background-attachment":"scroll","background-type":"","background-media":"","overlay-type":"","overlay-color":"","overlay-opacity":"","overlay-gradient":""},"mobile":{"background-color":"","background-image":"","background-repeat":"repeat","background-position":"center center","background-size":"auto","background-attachment":"scroll","background-type":"","background-media":"","overlay-type":"","overlay-color":"","overlay-opacity":"","overlay-gradient":""}},"ast-content-background-meta":{"desktop":{"background-color":"var(--ast-global-color-4)","background-image":"","background-repeat":"repeat","background-position":"center center","background-size":"auto","background-attachment":"scroll","background-type":"","background-media":"","overlay-type":"","overlay-color":"","overlay-opacity":"","overlay-gradient":""},"tablet":{"background-color":"var(--ast-global-color-4)","background-image":"","background-repeat":"repeat","background-position":"center center","background-size":"auto","background-attachment":"scroll","background-type":"","background-media":"","overlay-type":"","overlay-color":"","overlay-opacity":"","overlay-gradient":""},"mobile":{"background-color":"var(--ast-global-color-4)","background-image":"","background-repeat":"repeat","background-position":"center center","background-size":"auto","background-attachment":"scroll","background-type":"","background-media":"","overlay-type":"","overlay-color":"","overlay-opacity":"","overlay-gradient":""}},"footnotes":""},"class_list":["post-8","page","type-page","status-publish","hentry"],"yoast_head":"<!-- This site is optimized with the Yoast SEO plugin v27.3 - https:\/\/yoast.com\/product\/yoast-seo-wordpress\/ -->\n<title>Sobre - Praia do Forte Transportes<\/title>\n<meta name=\"description\" content=\"Somos um site de tur\u00edsmos e transportes, especializados na Praia do Forte e no litoral Norte da Bahia, fazemos log\u00edsticas e transportes.\" \/>\n<meta name=\"robots\" content=\"index, follow, max-snippet:-1, max-image-preview:large, max-video-preview:-1\" \/>\n<link rel=\"canonical\" href=\"https:\/\/praiadoforteturismotransporte.com\/translado-praiadoforte-turismo\/sobre-a-praia-do-forte-transporte\/\" \/>\n<meta property=\"og:locale\" content=\"pt_BR\" \/>\n<meta property=\"og:type\" content=\"article\" \/>\n<meta property=\"og:title\" content=\"Sobre - Praia do Forte Transportes\" \/>\n<meta property=\"og:description\" content=\"Somos um site de tur\u00edsmos e transportes, especializados na Praia do Forte e no litoral Norte da Bahia, fazemos log\u00edsticas e transportes.\" \/>\n<meta property=\"og:url\" content=\"https:\/\/praiadoforteturismotransporte.com\/translado-praiadoforte-turismo\/sobre-a-praia-do-forte-transporte\/\" \/>\n<meta property=\"og:site_name\" content=\"Praia do Forte Transportes\" \/>\n<meta property=\"article:publisher\" content=\"https:\/\/www.facebook.com\/Matheus03digital\/\" \/>\n<meta property=\"article:modified_time\" content=\"2025-08-03T02:15:40+00:00\" \/>\n<meta property=\"og:image\" content=\"https:\/\/praiadoforteturismotransporte.com\/wp-content\/uploads\/2025\/07\/Novo-Virtus-Sense-2025-1.png.jpg\" \/>\n\t<meta property=\"og:image:width\" content=\"1642\" \/>\n\t<meta property=\"og:image:height\" content=\"1024\" \/>\n\t<meta property=\"og:image:type\" content=\"image\/jpeg\" \/>\n<meta name=\"twitter:card\" content=\"summary_large_image\" \/>\n<meta name=\"twitter:label1\" content=\"Est. tempo de leitura\" \/>\n\t<meta name=\"twitter:data1\" content=\"2 minutos\" \/>\n<script type=\"application\/ld+json\" class=\"yoast-schema-graph\">{\"@context\":\"https:\\\/\\\/schema.org\",\"@graph\":[{\"@type\":\"WebPage\",\"@id\":\"https:\\\/\\\/praiadoforteturismotransporte.com\\\/translado-praiadoforte-turismo\\\/sobre-a-praia-do-forte-transporte\\\/\",\"url\":\"https:\\\/\\\/praiadoforteturismotransporte.com\\\/translado-praiadoforte-turismo\\\/sobre-a-praia-do-forte-transporte\\\/\",\"name\":\"Sobre - Praia do Forte Transportes\",\"isPartOf\":{\"@id\":\"https:\\\/\\\/praiadoforteturismotransporte.com\\\/translado-praiadoforte-turismo\\\/#website\"},\"primaryImageOfPage\":{\"@id\":\"https:\\\/\\\/praiadoforteturismotransporte.com\\\/translado-praiadoforte-turismo\\\/sobre-a-praia-do-forte-transporte\\\/#primaryimage\"},\"image\":{\"@id\":\"https:\\\/\\\/praiadoforteturismotransporte.com\\\/translado-praiadoforte-turismo\\\/sobre-a-praia-do-forte-transporte\\\/#primaryimage\"},\"thumbnailUrl\":\"http:\\\/\\\/praiadoforteturismotransporte.com\\\/wp-content\\\/uploads\\\/2025\\\/07\\\/Novo-Virtus-Sense-2025-1.png-1024x639.jpg\",\"datePublished\":\"2025-07-15T21:25:46+00:00\",\"dateModified\":\"2025-08-03T02:15:40+00:00\",\"description\":\"Somos um site de tur\u00edsmos e transportes, especializados na Praia do Forte e no litoral Norte da Bahia, fazemos log\u00edsticas e transportes.\",\"breadcrumb\":{\"@id\":\"https:\\\/\\\/praiadoforteturismotransporte.com\\\/translado-praiadoforte-turismo\\\/sobre-a-praia-do-forte-transporte\\\/#breadcrumb\"},\"inLanguage\":\"pt-BR\",\"potentialAction\":[{\"@type\":\"ReadAction\",\"target\":[\"https:\\\/\\\/praiadoforteturismotransporte.com\\\/translado-praiadoforte-turismo\\\/sobre-a-praia-do-forte-transporte\\\/\"]}]},{\"@type\":\"ImageObject\",\"inLanguage\":\"pt-BR\",\"@id\":\"https:\\\/\\\/praiadoforteturismotransporte.com\\\/translado-praiadoforte-turismo\\\/sobre-a-praia-do-forte-transporte\\\/#primaryimage\",\"url\":\"http:\\\/\\\/praiadoforteturismotransporte.com\\\/wp-content\\\/uploads\\\/2025\\\/07\\\/Novo-Virtus-Sense-2025-1.png-1024x639.jpg\",\"contentUrl\":\"http:\\\/\\\/praiadoforteturismotransporte.com\\\/wp-content\\\/uploads\\\/2025\\\/07\\\/Novo-Virtus-Sense-2025-1.png-1024x639.jpg\"},{\"@type\":\"BreadcrumbList\",\"@id\":\"https:\\\/\\\/praiadoforteturismotransporte.com\\\/translado-praiadoforte-turismo\\\/sobre-a-praia-do-forte-transporte\\\/#breadcrumb\",\"itemListElement\":[{\"@type\":\"ListItem\",\"position\":1,\"name\":\"Home\",\"item\":\"https:\\\/\\\/praiadoforteturismotransporte.com\\\/translado-praiadoforte-turismo\\\/\"},{\"@type\":\"ListItem\",\"position\":2,\"name\":\"Sobre\"}]},{\"@type\":\"WebSite\",\"@id\":\"https:\\\/\\\/praiadoforteturismotransporte.com\\\/translado-praiadoforte-turismo\\\/#website\",\"url\":\"https:\\\/\\\/praiadoforteturismotransporte.com\\\/translado-praiadoforte-turismo\\\/\",\"name\":\"Praia do Forte Transportes\",\"description\":\"\",\"publisher\":{\"@id\":\"https:\\\/\\\/praiadoforteturismotransporte.com\\\/translado-praiadoforte-turismo\\\/#organization\"},\"potentialAction\":[{\"@type\":\"SearchAction\",\"target\":{\"@type\":\"EntryPoint\",\"urlTemplate\":\"https:\\\/\\\/praiadoforteturismotransporte.com\\\/translado-praiadoforte-turismo\\\/?s={search_term_string}\"},\"query-input\":{\"@type\":\"PropertyValueSpecification\",\"valueRequired\":true,\"valueName\":\"search_term_string\"}}],\"inLanguage\":\"pt-BR\"},{\"@type\":\"Organization\",\"@id\":\"https:\\\/\\\/praiadoforteturismotransporte.com\\\/translado-praiadoforte-turismo\\\/#organization\",\"name\":\"Praia do Forte Transportes\",\"url\":\"https:\\\/\\\/praiadoforteturismotransporte.com\\\/translado-praiadoforte-turismo\\\/\",\"logo\":{\"@type\":\"ImageObject\",\"inLanguage\":\"pt-BR\",\"@id\":\"https:\\\/\\\/praiadoforteturismotransporte.com\\\/translado-praiadoforte-turismo\\\/#\\\/schema\\\/logo\\\/image\\\/\",\"url\":\"https:\\\/\\\/praiadoforteturismotransporte.com\\\/wp-content\\\/uploads\\\/2025\\\/07\\\/cropped-ChatGPT-Image-15-de-jul.-de-2025-19_01_17-1.png\",\"contentUrl\":\"https:\\\/\\\/praiadoforteturismotransporte.com\\\/wp-content\\\/uploads\\\/2025\\\/07\\\/cropped-ChatGPT-Image-15-de-jul.-de-2025-19_01_17-1.png\",\"width\":840,\"height\":681,\"caption\":\"Praia do Forte Transportes\"},\"image\":{\"@id\":\"https:\\\/\\\/praiadoforteturismotransporte.com\\\/translado-praiadoforte-turismo\\\/#\\\/schema\\\/logo\\\/image\\\/\"},\"sameAs\":[\"https:\\\/\\\/www.facebook.com\\\/Matheus03digital\\\/\"]}]}<\/script>\n<!-- \/ Yoast SEO plugin. -->","yoast_head_json":{"title":"Sobre - Praia do Forte Transportes","description":"Somos um site de tur\u00edsmos e transportes, especializados na Praia do Forte e no litoral Norte da Bahia, fazemos log\u00edsticas e transportes.","robots":{"index":"index","follow":"follow","max-snippet":"max-snippet:-1","max-image-preview":"max-image-preview:large","max-video-preview":"max-video-preview:-1"},"canonical":"https:\/\/praiadoforteturismotransporte.com\/translado-praiadoforte-turismo\/sobre-a-praia-do-forte-transporte\/","og_locale":"pt_BR","og_type":"article","og_title":"Sobre - Praia do Forte Transportes","og_description":"Somos um site de tur\u00edsmos e transportes, especializados na Praia do Forte e no litoral Norte da Bahia, fazemos log\u00edsticas e transportes.","og_url":"https:\/\/praiadoforteturismotransporte.com\/translado-praiadoforte-turismo\/sobre-a-praia-do-forte-transporte\/","og_site_name":"Praia do Forte Transportes","article_publisher":"https:\/\/www.facebook.com\/Matheus03digital\/","article_modified_time":"2025-08-03T02:15:40+00:00","og_image":[{"width":1642,"height":1024,"url":"https:\/\/praiadoforteturismotransporte.com\/wp-content\/uploads\/2025\/07\/Novo-Virtus-Sense-2025-1.png.jpg","type":"image\/jpeg"}],"twitter_card":"summary_large_image","twitter_misc":{"Est. tempo de leitura":"2 minutos"},"schema":{"@context":"https:\/\/schema.org","@graph":[{"@type":"WebPage","@id":"https:\/\/praiadoforteturismotransporte.com\/translado-praiadoforte-turismo\/sobre-a-praia-do-forte-transporte\/","url":"https:\/\/praiadoforteturismotransporte.com\/translado-praiadoforte-turismo\/sobre-a-praia-do-forte-transporte\/","name":"Sobre - Praia do Forte Transportes","isPartOf":{"@id":"https:\/\/praiadoforteturismotransporte.com\/translado-praiadoforte-turismo\/#website"},"primaryImageOfPage":{"@id":"https:\/\/praiadoforteturismotransporte.com\/translado-praiadoforte-turismo\/sobre-a-praia-do-forte-transporte\/#primaryimage"},"image":{"@id":"https:\/\/praiadoforteturismotransporte.com\/translado-praiadoforte-turismo\/sobre-a-praia-do-forte-transporte\/#primaryimage"},"thumbnailUrl":"http:\/\/praiadoforteturismotransporte.com\/wp-content\/uploads\/2025\/07\/Novo-Virtus-Sense-2025-1.png-1024x639.jpg","datePublished":"2025-07-15T21:25:46+00:00","dateModified":"2025-08-03T02:15:40+00:00","description":"Somos um site de tur\u00edsmos e transportes, especializados na Praia do Forte e no litoral Norte da Bahia, fazemos log\u00edsticas e transportes.","breadcrumb":{"@id":"https:\/\/praiadoforteturismotransporte.com\/translado-praiadoforte-turismo\/sobre-a-praia-do-forte-transporte\/#breadcrumb"},"inLanguage":"pt-BR","potentialAction":[{"@type":"ReadAction","target":["https:\/\/praiadoforteturismotransporte.com\/translado-praiadoforte-turismo\/sobre-a-praia-do-forte-transporte\/"]}]},{"@type":"ImageObject","inLanguage":"pt-BR","@id":"https:\/\/praiadoforteturismotransporte.com\/translado-praiadoforte-turismo\/sobre-a-praia-do-forte-transporte\/#primaryimage","url":"http:\/\/praiadoforteturismotransporte.com\/wp-content\/uploads\/2025\/07\/Novo-Virtus-Sense-2025-1.png-1024x639.jpg","contentUrl":"http:\/\/praiadoforteturismotransporte.com\/wp-content\/uploads\/2025\/07\/Novo-Virtus-Sense-2025-1.png-1024x639.jpg"},{"@type":"BreadcrumbList","@id":"https:\/\/praiadoforteturismotransporte.com\/translado-praiadoforte-turismo\/sobre-a-praia-do-forte-transporte\/#breadcrumb","itemListElement":[{"@type":"ListItem","position":1,"name":"Home","item":"https:\/\/praiadoforteturismotransporte.com\/translado-praiadoforte-turismo\/"},{"@type":"ListItem","position":2,"name":"Sobre"}]},{"@type":"WebSite","@id":"https:\/\/praiadoforteturismotransporte.com\/translado-praiadoforte-turismo\/#website","url":"https:\/\/praiadoforteturismotransporte.com\/translado-praiadoforte-turismo\/","name":"Praia do Forte Transportes","description":"","publisher":{"@id":"https:\/\/praiadoforteturismotransporte.com\/translado-praiadoforte-turismo\/#organization"},"potentialAction":[{"@type":"SearchAction","target":{"@type":"EntryPoint","urlTemplate":"https:\/\/praiadoforteturismotransporte.com\/translado-praiadoforte-turismo\/?s={search_term_string}"},"query-input":{"@type":"PropertyValueSpecification","valueRequired":true,"valueName":"search_term_string"}}],"inLanguage":"pt-BR"},{"@type":"Organization","@id":"https:\/\/praiadoforteturismotransporte.com\/translado-praiadoforte-turismo\/#organization","name":"Praia do Forte Transportes","url":"https:\/\/praiadoforteturismotransporte.com\/translado-praiadoforte-turismo\/","logo":{"@type":"ImageObject","inLanguage":"pt-BR","@id":"https:\/\/praiadoforteturismotransporte.com\/translado-praiadoforte-turismo\/#\/schema\/logo\/image\/","url":"https:\/\/praiadoforteturismotransporte.com\/wp-content\/uploads\/2025\/07\/cropped-ChatGPT-Image-15-de-jul.-de-2025-19_01_17-1.png","contentUrl":"https:\/\/praiadoforteturismotransporte.com\/wp-content\/uploads\/2025\/07\/cropped-ChatGPT-Image-15-de-jul.-de-2025-19_01_17-1.png","width":840,"height":681,"caption":"Praia do Forte Transportes"},"image":{"@id":"https:\/\/praiadoforteturismotransporte.com\/translado-praiadoforte-turismo\/#\/schema\/logo\/image\/"},"sameAs":["https:\/\/www.facebook.com\/Matheus03digital\/"]}]}},"_links":{"self":[{"href":"https:\/\/praiadoforteturismotransporte.com\/translado-praiadoforte-turismo\/wp-json\/wp\/v2\/pages\/8","targetHints":{"allow":["GET"]}}],"collection":[{"href":"https:\/\/praiadoforteturismotransporte.com\/translado-praiadoforte-turismo\/wp-json\/wp\/v2\/pages"}],"about":[{"href":"https:\/\/praiadoforteturismotransporte.com\/translado-praiadoforte-turismo\/wp-json\/wp\/v2\/types\/page"}],"author":[{"embeddable":true,"href":"https:\/\/praiadoforteturismotransporte.com\/translado-praiadoforte-turismo\/wp-json\/wp\/v2\/users\/1"}],"replies":[{"embeddable":true,"href":"https:\/\/praiadoforteturismotransporte.com\/translado-praiadoforte-turismo\/wp-json\/wp\/v2\/comments?post=8"}],"version-history":[{"count":8,"href":"https:\/\/praiadoforteturismotransporte.com\/translado-praiadoforte-turismo\/wp-json\/wp\/v2\/pages\/8\/revisions"}],"predecessor-version":[{"id":337,"href":"https:\/\/praiadoforteturismotransporte.com\/translado-praiadoforte-turismo\/wp-json\/wp\/v2\/pages\/8\/revisions\/337"}],"wp:attachment":[{"href":"https:\/\/praiadoforteturismotransporte.com\/translado-praiadoforte-turismo\/wp-json\/wp\/v2\/media?parent=8"}],"curies":[{"name":"wp","href":"https:\/\/api.w.org\/{rel}","templated":true}]}}